8 - -19) + -22?
-8
What is -20 - (-6 - -7 - (8 - 1))?
-14
Calculate -119 - -111 - (-2 + 23).
-29
What is (-7 - (-4 + -3)) + -11?
-11
What is the value of 2 + (1 + 2 - 12)?
-7
What is the value of (-1 + -7 - -19) + (-5 - -3 - -19)?
28
Evaluate 2 + 2 - (39 + -37) - 4.
-2
What is the value of 5 + -4 + -4 - (5 - 14) - 4?
2
(18 - 8) + (-8 - (0 + -1))
3
Calculate 2 + 7 + -2 + (9 - 3).
13
What is the value of (5 + -18 - (-3 + 8 - 9)) + -17?
-26
Calculate 37 + (-22 - 5) - 29.
-19
Evaluate (51 - 29 - 26) + (-5 - 0).
-9
Evaluate (-16 - -45) + (16 - 61).
-16
Evaluate -1 + 8 + (-33 - -15 - -11).
0
Evaluate -6 + 6 + 0 + -2 + -6.
-8
What is the value of -45 - (23 - 47) - -35?
14
What is -3 - -6 - (-3 + 10 + -7 - -2)?
1
What is the value of (-1184 - -1196) + -10 + (1 - 2)?
1
What is 1 - (2 + -8) - (2 + 8)?
-3
Evaluate -6 + -1 + (-1 - 0).
-8
Calculate 4 - (13 + -7) - (5 - 1 - 0).
-6
-3 - (9 + -1) - (9 - (8 + -5))
-17
What is -24 - (0 + (-10 - -2) - (0 - 3))?
-19
What is the value of -1 + -11 + 17 + (0 - -1) + -2?
4
What is the value of (1 - 3 - 3) + (37 - 7)?
25
Evaluate 34 - (12 + -12 + -3 + 10).
27
What is ((21 - 12) + -38 - -8) + 12?
-9
7 + 7 + (-4 - (-1 - 5 - -14))
2
What is the value of -55 + 45 + -2 + 14?
2
(3 - -20 - 10) + -28
-15
What is -16 + -7 + 11 + 11 + 23 + -2?
20
What is -19 + (-12 - (15 - 45))?
-1
What is the value of (-8 - (-8 + 9 + 8)) + 9?
-8
(-8 + -6 + 12 - (-1 + 2)) + -9
-12
Calculate 0 + (2 - -1) + -67 + (-36 - -61).
-39
Evaluate -4 - (14 + 12 + -5).
-25
What is 1 - 3 - -8 - (-11 + (-15 - -26))?
6
What is the value of -22 - (31 + 4 + -50)?
-7
6 - (-29 - (-21 + -3) - (3 - 1))
13
(-11 - (-6 - -1)) + 14 + -19 - 3
-14
Calculate -24 - ((-25 + 10 - -3) + (9 - 4)).
-17
What is the value of 4 + 25 + -16 + -4 - 37?
-28
What is 8 + 0 + -12 + -57 + 68?
7
Evaluate -7 + -1 - ((-2 - -10) + -37).
21
Calculate 39 - 1 - (-196 - -214).
20
Evaluate 8 + -21 + 13 + -5.
-5
Evaluate 16 - 0 - (378 - 326) - -6.
-30
What is the value of -40 + (-25 - -58) + -2 + 21?
12
What is 4 + 1 + (-11 - (-6 + -16) - 20)?
-4
What is the value of -167 - -159 - (-29 - (1 + 3 - 5))?
20
What is the value of -23 + (6 + -6 + 6 - 5) + 6?
-16
Calculate (-26 - (-33 + 15)) + 0.
-8
What is 0 + 4 + (-5 - 5) + 7?
1
What is the value of (8 - (31 - 17)) + 0?
-6
Evaluate -37 - (-16 - (15 + 0)).
-6
What is the value of 8 + (-58 - -53) + 2 + 1 + -5?
1
-6 + 2 + (3 - (4 - -19))
-24
What is 14 - (32 - (18 + (3 - 6)))?
-3
What is -17 - (14 - 30) - 18?
-19
Calculate 28 + -37 + -3 + -2 - (4 + -2).
-16
Evaluate -2 + -17 + (-1 - -14) + -1 + 14.
7
What is -23 + (-13 - -2) + 8 + -26 + 18?
-34
Calculate (0 - (10 - -5)) + 9 + 0.
-6
Evaluate -3 - 11 - (-26 + 8).
4
What is the value of (11 + -18 - -1) + -6 + -1?
-13
What is -6 - ((4 - 8 - 29) + (-13 - -7))?
33
What is the value of (9 - 2 - -15) + (0 - (6 - 0))?
16
What is 6 + 9 - (-80 - -85)?
10
Evaluate -19 + 24 + -24 + 13.
-6
What is (11 - 35) + 0 + 30?
6
What is (-13 - 0) + (132 - 130)?
-11
What is -7 + (-10 - (8 - 16 - -5) - -22)?
8
What is the value of 5 + (19 - 37 - -1)?
-12
What is 22 + -21 - -2 - -28?
31
What is the value of 18 + -6 + 3 - 3?
12
Calculate -5 - (-6 + -13 + -3 + 11).
6
Calculate 9 - (30 - 25) - (1 - (0 - 2)).
1
What is 635 + -627 + 9 + (2 - 3)?
16
What is 12 + (5 - 12) + 20 + -2 + -4?
19
What is the value of -6 + 21 + 2 + -4?
13
-15 + (46 - (-8 + 14)) + (3 - -2)
30
(-1 - -9) + (7 - 2 - 17)
-4
Calculate 1406 + -1371 - (-1 + 15 + 0).
21
Evaluate -4 + -1 + 17 + -13 + 1.
0
What is the value of (-1 - 9) + 10 + 7 + -11?
-4
Calculate -5 - (3 + 3 + -15) - (-1 - -5).
0
What is the value of 5 + (21 - (-2 + (11 - 0)))?
17
What is (-74 - -91) + (-2 - 0)?
15
What is the value of (3 - 1) + (0 + 50 - 65)?
-13
Calculate 0 + 0 + (3 - 2) - (-5 + 5).
1
What is -11 - (4 + 9 + -12 + 9 + -2)?
-19
What is 28 - (-1 - ((7 - 11) + -15))?
10
Calculate (-38 - (-18 + 2)) + 8.
-14
6 + -1 + (4 - -6 - 11) + -10
-6
Calculate 14 + (-11 - -14 - 19).
-2
What is the value of 11 - (-1 - (-23 - -12)) - -5?
6
(4 - -2) + (7 - (1 + 0 - 1))
13
-7 + -5 + 11 + -14 + 12 + 26
23
Evaluate 16 + (-26 - (44 - 32)).
-22
Evaluate (6 - (9 + -7)) + -9 + (9 - 12).
-8
-3 + (10 - 9) + 0 - 10
-12
Calculate (3 + 2 - 1) + 13 + -4.
13
Calculate -7 + (10 - -3) + (2 + 5 - 4).
9
Calculate 15 + 3 + -14 + -2 + 1 + 14.
17
Evaluate (2 - -7) + (14 - 9 - 12).
2
What is the value of (-140 - -129) + 12 + 2?
3
What is -64 + 62 - (0 - 4)?
2
9 - (-15 + (-7 - -9) - 1)
23
Evaluate -113 + 54 + 49 - (2 - -8).
-20
What is -162 - -161 - (-1 + 0 + 7)?
-7
What is the value of 1 + -52 + 16 + 19?
-16
44 + -33 + 0 + (8 - 5)
14
Calculate 20 + -60 + (32 - 2).
-10
Calculate (1 - 5) + (149 - 139) - 3.
3
-8 + -24 + 67 + -16
19
What is the value of 0 + -1 + 2 - (55 - (7 + 58))?
11
Evaluate -4 + -2 + 1 + 3 + 0.
-2
(2 - (6 - (5 + -3))) + 67 + -66
-1
Evaluate -6 + 3 + (27 - 16) - (-2 + 0).
10
Calculate (-5 - -27) + -1 - (219 - 211).
13
What is (-2 - 8 - -3) + (116 - 112)?
-3
Calculate (7 - (14 - 15)) + 27 + (2 - 0).
37
Calculate -84 - -92 - (-4 + 3).
9
What is 11 + 3 + -9 + -6 + 6?
5
-9 - (5 - 1) - -12
-1
Calculate (-21 - (-41 + 13)) + -3.
4
What is 16 + -45 + (22 - (2 - -12))?
-21
What is the value of (11 - 8) + 6 + (-10 - -8)?
7
What is 3 + 49 - 42 - (0 + 32)?
-22
Evaluate -2 - (-3 + 0) - (17 - (1 + 8)).
-7
-16 - (9 - (3 - -22)) - -11
11
What is 5 - ((-22 - -53) + 4 - (9 + 1))?
-20
-24 - ((-33 + 27 - (-2 + 4)) + 3)
-19
What is 12 + 4 + -7 - (13 - 2)?
-2
Evaluate (-131 - -148) + (2 - 6).
13
What is the value of -8 - -3 - ((1 - 6) + (9 - 6))?
-3
What is the value of 1 - (431 + -425 + (-1 - 18))?
14
-21 - -3 - (35 + -42)
-11
What is -16 - (-4 - (1 - (15 + -7)) - 4)?
-15
What is the value of 1 - (-11 - -3 - -5) - (-8 - -3)?
9
Evaluate -3 + 12 + (17 - (-3 - -14) - -5).
20
Evaluate -1167 + 1190 - (8 - (0 - (2 - 3))).
16
What is -2 - (2 + 0 - 1) - (-207 + 219)?
-15
What is the value of 2 + 0 + -78 + 71 + -3?
-8
Evaluate (2 - -2 - -6) + (7 - 3).
14
Evaluate 9 - ((-10 - -8) + (-11 - -3) - -6).
13
22 + (0 - 3) + 7 - 12
14
What is -7 + -2 - (10 - (0 - -17))?
-2
Calculate 0 + -12 + (148 - 147).
-11
Calculate (18 - 24) + 13 + -7.
0
23 + 2 + 9 + (-4 - (17 + -8))
21
What is -1 + (-1 + -4 + 7 - -2) - -12?
15
-1 - -2 - (-11 + 12 + -7)
7
What is the value of -15 + (11 - 2 - (-2 - -14))?
-18
What is (-2 - -4 - 5) + -2 + 4 - 2?
-3
Evaluate 32 - 49 - (2 + 3 + 2 - 0).
-24
Evaluate 492 + -450 - (2 - -13).
27
Evaluate 21 + -16 + 13 + -5.
13
Evaluate (12 - (1 - -16) - (1 + -2)) + 6.
2
15 + 11 + -13 - 2
11
(-15 - -11) + (-18 - -9)
-13
Calculate 19 + -23 - (31 - 31).
-4
What is (-10 - (0 + -12)) + 10?
12
What is the value of -3 - -1 - (19 - (14 + 5))?
-2
Calculate (-20 - -2 - -8) + (10 - 1) + -21.
-22
-13 - (2 - 7) - -7
-1
-6 - (-9 - (-7 + (2 - 3)))
-5
-2 + 11 + (4 - 17) + -7
-11
Evaluate -5 + (-9 + -1 + 16 - -2).
3
9 - (-4 - (16 + -17))
12
Evaluate (7 - -14 - 32) + 25.
14
What is (15 - 14 - 12) + 8?
-3
46 + -38 - (-2 + 10 - -4)
-4
What is (10 - 24) + (-3 - -21) - -8?
12
What is the value of 1 + (-20 + 10 - -9)?
0
10 - (4 + 29 + -6 - -6)
-23
Evaluate (-13 + 8 - (5 + -4)) + 21 + 0.
15
1 + (1 - ((-7 - -11) + 2)) - -16
12
Evaluate (31 - 11 - 46) + 9.
-17
Calculate 6 - (9 - (14 - -3) - (12 - -2)).
28
Evaluate (-2 - (7 + -5 + 5)) + -8 + 1.
-16
What is the value of 1 + 4 + (66 - (-19 + 83))?
7
Evaluate -7 + 12 + -8 - (-2 + 4).
-5
What is -6 + 2 - (-21 - (-7 - -13))?
23
What is the value of (9 - 21 - -29) + (1 - 8)?
10
Evaluate -21 + 6 + -1 - -15.
-1
18 - (6 + 5 + -2)
9
Calculate (180 - 192) + 1 + (-1 - 1) + 0.
-13
Calculate 21 - (-8 + (12 + -4 - -9)).
12
-2 - (-8 + -2 + -2)
10
What is the value of (7 + 4 - 7) + -1 + 3 + -14?
-8
What is the value of -9 + 10 + -8 + -4 + 6?
-5
(9 + 3 - 23 - -36) + -11
14
Evaluate 8 + -94 + 91 + -1 + -2.
2
-1 - (-131 + 111 + (10 - -1))
8
(39 - 44) + -1 + -7
-13
10 + (1 - 27) - ((1 - 3) + -6)
-8
Evaluate (3 - (7 - (2 + 2))) + -1 - -7.
6
Calculate -1 + 1 + (176 - 189).
-13
1 + -2 + (-23 - -7 - -8)
-9
Calculate (16 - -3) + -17 + (2 - 4 - -4).
4
What is the value of -1 + 22 + 0 + -1 + (708 - 709)?
19
What is (28 - 77 - -28) + 10 + -2 + -1?
-14
What is the value of 6 + 7 - (25 - 0)?
-12
What is (8 - -13 - 12 - (5 - 6)) + -2?
8
What is the value of 11 + -35 + 31 - (1 - (3 - -1))?
10
Calculate -7 + 22 - (33 - 5).
-13
What is (-2 + 2 